 common divisor of 765 and 39933.
153
Calculate the greatest common divisor of 133004 and 1148.
164
Calculate the greatest common divisor of 480 and 149088.
96
Calculate the greatest common factor of 273 and 17667.
39
Calculate the highest common divisor of 152106 and 53934.
606
What is the greatest common factor of 14518 and 113155?
427
Calculate the highest common divisor of 560 and 19845.
35
Calculate the greatest common divisor of 4891 and 469.
67
What is the greatest common divisor of 2230716 and 48?
12
Calculate the highest common divisor of 504 and 23016.
168
Calculate the greatest common divisor of 220 and 38335.
55
What is the highest common factor of 2532545 and 155?
155
What is the highest common factor of 1152385 and 65?
65
What is the highest common factor of 118463 and 4?
1
What is the greatest common factor of 42 and 323757?
21
Calculate the highest common factor of 215 and 504605.
215
Calculate the highest common divisor of 1025 and 164.
41
What is the greatest common factor of 40 and 380120?
40
Calculate the highest common divisor of 118 and 1215518.
118
What is the highest common divisor of 2359 and 16616796?
2359
Calculate the greatest common factor of 521794 and 611.
611
What is the highest common factor of 2025 and 27225?
225
What is the highest common factor of 1573230 and 30?
30
What is the highest common divisor of 2526 and 90?
6
Calculate the highest common divisor of 8425 and 7925.
25
Calculate the greatest common divisor of 22 and 198902.
22
Calculate the greatest common divisor of 77760 and 4240.
80
What is the greatest common divisor of 10368 and 2997?
81
What is the greatest common divisor of 139440 and 2688?
336
Calculate the greatest common divisor of 1 and 11200.
1
What is the highest common divisor of 10 and 292335?
5
What is the highest common divisor of 104 and 35698?
26
What is the highest common divisor of 21 and 13139?
7
Calculate the highest common factor of 86 and 201197.
43
What is the highest common divisor of 255 and 387294?
51
What is the highest common factor of 125396 and 752?
188
Calculate the highest common divisor of 14 and 2481304.
14
What is the greatest common divisor of 462 and 153937?
7
What is the greatest common divisor of 77 and 59125?
11
Calculate the highest common divisor of 40 and 119680.
40
What is the highest common factor of 7 and 209559?
7
What is the highest common divisor of 563761 and 33?
11
What is the greatest common divisor of 148625 and 41?
41
What is the greatest common factor of 987 and 19881?
141
What is the greatest common factor of 1158 and 42?
6
What is the greatest common divisor of 4 and 9022?
2
What is the greatest common divisor of 3504 and 5951544?
1752
Calculate the greatest common divisor of 87 and 509.
1
Calculate the highest common factor of 214703 and 53.
53
What is the highest common divisor of 13272 and 221928?
168
What is the greatest common factor of 775 and 8275?
25
Calculate the greatest common divisor of 362 and 264.
2
What is the highest common factor of 667623 and 33?
33
What is the greatest common divisor of 62414 and 374?
22
What is the highest common factor of 44387 and 1904?
119
What is the highest common factor of 8152 and 5?
1
What is the greatest common factor of 450 and 352800?
450
What is the greatest common divisor of 225 and 128475?
225
What is the greatest common factor of 50895 and 3055?
65
Calculate the highest common factor of 67 and 3551.
67
What is the greatest common factor of 81441 and 18?
9
Calculate the greatest common factor of 161 and 273518.
7
Calculate the highest common divisor of 13220384 and 992.
992
Calculate the highest common divisor of 30668 and 4428.
164
Calculate the highest common divisor of 82 and 201146.
82
What is the greatest common divisor of 35721 and 36?
9
What is the highest common divisor of 97734 and 2262?
78
What is the highest common factor of 33 and 100309?
11
Calculate the greatest common divisor of 2253020 and 4940.
380
Calculate the highest common divisor of 44109 and 261.
261
What is the highest common divisor of 1032 and 4404?
12
Calculate the greatest common factor of 136467 and 708.
177
What is the greatest common divisor of 522048 and 768?
192
Calculate the greatest common factor of 9 and 185.
1
What is the greatest common divisor of 90603 and 279?
9
Calculate the highest common factor of 2244 and 1703757.
561
Calculate the highest common divisor of 26 and 1514461.
13
Calculate the highest common divisor of 259686 and 324.
162
Calculate the greatest common divisor of 663 and 7361.
17
Calculate the greatest common factor of 395 and 50.
5
What is the greatest common divisor of 108 and 1960092?
108
What is the highest common divisor of 8233536 and 1406?
1406
What is the highest common factor of 616 and 162358?
14
What is the greatest common divisor of 1897 and 637121?
271
What is the greatest common factor of 73333 and 39?
13
What is the highest common divisor of 70 and 4305?
35
Calculate the greatest common factor of 114620 and 440.
220
What is the greatest common divisor of 634 and 50?
2
What is the highest common divisor of 35772 and 1397?
11
What is the greatest common factor of 96 and 5264448?
96
What is the highest common factor of 10303180 and 1580?
1580
Calculate the greatest common factor of 6565 and 2951.
13
What is the highest common divisor of 605 and 1793?
11
Calculate the greatest common factor of 139 and 48511.
139
Calculate the highest common factor of 117783 and 83643.
1707
Calculate the greatest common factor of 1130 and 2070.
10
What is the highest common factor of 415 and 331253?
83
Calculate the greatest common factor of 795 and 436190.
265
What is the highest common factor of 32050 and 5128?
1282
What is the greatest common factor of 2756 and 965978?
1378
What is the highest common divisor of 736 and 6394?
46
What is the highest common divisor of 1837261 and 43?
43
Calculate the greatest common divisor of 91 and 99333.
13
Calculate the greatest common divisor of 68 and 163693.
17
Calculate the highest common factor of 73 and 39931.
73
What is the highest common divisor of 3470 and 2530?
10
What is the greatest common factor of 866 and 64517?
433
What is the highest common divisor of 46 and 174478?
46
Calculate the greatest common divisor of 229720 and 40.
40
What is the highest common divisor of 944 and 648?
8
What is the greatest common factor of 85 and 411451?
17
Calculate the highest common factor of 17 and 925157.
17
Calculate the greatest common divisor of 50 and 30025.
25
What is the highest common factor of 106172 and 253?
11
What is the highest common factor of 3209204 and 772?
772
What is the greatest common factor of 9453 and 39?
3
Calculate the highest common divisor of 12369 and 4185.
93
Calculate the highest common factor of 4210 and 3085.
5
What is the highest common factor of 39004 and 441?
49
What is the greatest common divisor of 9472 and 427424?
1184
Calculate the highest common factor of 2248 and 3512.
8
Calculate the greatest common factor of 1807 and 21823.
139
Calculate the greatest common factor of 1120 and 7400.
40
What is the greatest common factor of 4356 and 828?
36
Calculate the greatest common factor of 1732 and 3.
1
What is the greatest common divisor of 64406 and 9?
1
Calculate the highest common factor of 80472 and 2395.
479
What is the highest common factor of 4 and 50?
2
Calculate the greatest common factor of 324 and 24516.
108
Calculate the greatest common factor of 343040 and 4608.
512
Calculate the highest common factor of 512 and 432.
16
Calculate the greatest common factor of 52 and 5324644.
52
Calculate the greatest common divisor of 1085217 and 93.
93
What is the greatest common divisor of 2828 and 8015?
7
Calculate the highest common divisor of 48768 and 1440.
96
What is the highest common factor of 7668 and 15?
3
Calculate the greatest common divisor of 107264 and 29749.
419
Calculate the highest common divisor of 1008 and 666.
18
Calculate the greatest common factor of 18726 and 16.
2
Calculate the highest common factor of 132450 and 600.
150
Calculate the greatest common factor of 66963 and 73831.
1717
Calculate the highest common divisor of 76755 and 391.
17
Calculate the greatest common factor of 1285108 and 88.
44
Calcul